?
2, 29172109
List the prime factors of 458963540.
2, 5, 7, 37, 251, 353
What are the prime factors of 631905744?
2, 3, 13164703
List the prime factors of 1042152126.
2, 3, 23, 7551827
List the prime factors of 169720860.
2, 3, 5, 17, 166393
List the prime factors of 757600034.
2, 19, 19936843
List the prime factors of 48944530.
2, 5, 17, 127, 2267
List the prime factors of 304003061.
17, 149, 120017
What are the prime factors of 227884945?
5, 89, 512101
What are the prime factors of 1012683533?
1012683533
What are the prime factors of 21210477?
3, 137, 51607
What are the prime factors of 137689246?
2, 2459, 27997
List the prime factors of 1572002640.
2, 3, 5, 13, 18661
What are the prime factors of 368827320?
2, 3, 5, 181, 16981
What are the prime factors of 66310406?
2, 1019, 32537
What are the prime factors of 61119875?
5, 488959
List the prime factors of 1200088642.
2, 131, 509, 8999
List the prime factors of 1793226793.
17, 37, 67, 2503
List the prime factors of 2033335428.
2, 3, 709, 238991
List the prime factors of 970419196.
2, 71, 163, 20963
List the prime factors of 1017931166.
2, 7, 151, 157, 3067
List the prime factors of 67149723.
3, 22383241
What are the prime factors of 11146847?
43, 259229
List the prime factors of 8053424.
2, 503339
List the prime factors of 112794933.
3, 37598311
List the prime factors of 3333558418.
2, 79, 21098471
What are the prime factors of 3605935505?
5, 9239, 78059
List the prime factors of 1220704567.
17, 71806151
What are the prime factors of 662843723?
73, 509, 17839
What are the prime factors of 250086825?
3, 5, 163, 2273
List the prime factors of 50291393.
31, 181, 8963
List the prime factors of 772406007.
3, 353, 729373
List the prime factors of 325864565.
5, 13, 5013301
What are the prime factors of 1861534272?
2, 3, 13, 17, 19, 2309
List the prime factors of 107921773.
23, 4692251
List the prime factors of 98490458.
2, 11, 313, 14303
What are the prime factors of 55861083?
3, 19, 37, 109
List the prime factors of 321630634.
2, 13, 12370409
List the prime factors of 59675170.
2, 5, 5967517
What are the prime factors of 8264584054?
2, 449, 857, 10739
What are the prime factors of 65660342?
2, 11, 2984561
List the prime factors of 49964728.
2, 11, 109, 5209
List the prime factors of 97585224.
2, 3, 11, 79, 4679
List the prime factors of 4502229567.
3, 11, 1031, 132329
What are the prime factors of 332839719?
3, 17, 67, 79, 137
What are the prime factors of 25284970?
2, 5, 2528497
List the prime factors of 1312204204.
2, 829, 395719
What are the prime factors of 31893548?
2, 23, 346669
List the prime factors of 342856863.
3, 3067, 12421
What are the prime factors of 1559010194?
2, 7, 17, 1481, 4423
List the prime factors of 2066296783.
37, 227, 246017
List the prime factors of 660562778.
2, 17, 19, 61, 16763
What are the prime factors of 570134544?
2, 3, 7, 71, 23899
List the prime factors of 45898318.
2, 53, 433003
List the prime factors of 144640624.
2, 17, 59, 9013
List the prime factors of 117078334.
2, 823, 71129
List the prime factors of 3612752419.
2063, 1751213
What are the prime factors of 279751527?
3, 11, 2825773
List the prime factors of 100572234.
2, 3, 7, 617, 3881
What are the prime factors of 205249125?
3, 5, 23, 53, 449
List the prime factors of 3756500419.
7, 536642917
What are the prime factors of 52320101?
17, 23, 133811
What are the prime factors of 138856690?
2, 5, 7, 40483
List the prime factors of 1770433701.
3, 590144567
What are the prime factors of 107585810?
2, 5, 31, 347051
What are the prime factors of 276331460?
2, 5, 1693, 8161
List the prime factors of 13402598.
2, 11, 609209
What are the prime factors of 24001507?
24001507
List the prime factors of 2052231034.
2, 7, 151, 138683
What are the prime factors of 222383658?
2, 3, 7, 29, 26083
List the prime factors of 42073519.
29, 677, 2143
List the prime factors of 8687881710.
2, 3, 5, 601, 160619
List the prime factors of 6593014387.
67153, 98179
What are the prime factors of 125047195?
5, 7, 13, 274829
What are the prime factors of 614147304?
2, 3, 17, 643, 2341
What are the prime factors of 1399973513?
1237, 1131749
List the prime factors of 74257077.
3, 79, 313321
What are the prime factors of 5523668670?
2, 3, 5, 13, 1089481
List the prime factors of 238326647.
13, 79, 109, 2129
What are the prime factors of 22968023?
13, 241, 7331
List the prime factors of 355236810.
2, 3, 5, 47, 251941
List the prime factors of 751389934.
2, 563, 667309
List the prime factors of 72672927.
3, 29, 835321
What are the prime factors of 193535096?
2, 29, 47, 17749
What are the prime factors of 412898363?
17, 967, 25117
What are the prime factors of 215824355?
5, 43164871
What are the prime factors of 719628010?
2, 5, 71962801
List the prime factors of 49503279.
3, 7, 336757
List the prime factors of 2877311118.
2, 3, 11, 43595623
List the prime factors of 21880394.
2, 17, 37, 17393
List the prime factors of 5824849776.
2, 3, 121351037
What are the prime factors of 121592478?
2, 3, 7, 31, 47, 1987
What are the prime factors of 68678407?
7, 19, 53, 9743
What are the prime factors of 105538459?
13, 8118343
What are the prime factors of 1996528707?
3, 221836523
What are the prime factors of 88456367?
23, 3845929
List the prime factors of 146238189.
3, 673, 72431
What are the prime factors of 142696429?
142696429
List the prime factors of 3326346498.
2, 3, 131, 4231993
What are the prime factors of 446894375?
5, 715031
List the prime factors of 73335649.
19, 3859771
List the prime factors of 87398998.
2, 1237, 35327
What are the prime factors of 332199703?
11, 17, 1776469
List the prime factors of 1620468125.
5, 149, 17401
List the prime factors of 1458043717.
13, 19, 71, 1171
List the prime factors of 3964347780.
2, 3, 5, 66072463
List the prime factors of 1521749013.
3, 4903, 103457
List the prime factors of 3003793297.
3019, 994963
List the prime factors of 128542065.
3, 5, 29, 109, 2711
List the prime factors of 976294196.
2, 244073549
List the prime factors of 1642649199.
3, 19, 28818407
List the prime factors of 52100380.
2, 5, 2605019
List the prime factors of 6071616516.
2, 3, 7, 19, 3804271
List the prime factors of 4235910912.
2, 3, 101, 109, 167
List the prime factors of 91599057.
3, 11, 19, 233
List the prime factors of 85134145.
5, 17026829
List the prime factors of 375379702.
2, 2719, 69029
What are the prime factors of 380398736?
2, 23774921
List the prime factors of 495552563.
11, 251, 179483
What are the prime factors of 40342413?
3, 71, 189401
What are the prime factors of 1729011077?
19, 91000583
What are the prime factors of 2273241182?
2, 43, 2801, 9437
List the prime factors of 593192885.
5, 23, 5158199
List the prime factors of 138201262.
2, 17, 503, 8081
List the prime factors of 47539991.
97, 490103
What are the prime factors of 48668611?
48668611
What are the prime factors of 38471457?
3, 12823819
What are the prime factors of 404858520?
2, 3, 5, 11, 53, 643
List the prime factors of 17205873.
3, 5735291
List the prime factors of 651113771.
7, 11, 29, 101, 2887
List the prime factors of 276879568.
2, 7, 311, 7949
List the prime factors of 686316350.
2, 5, 17, 149, 5419
List the prime factors of 6205861632.
2, 3, 1093, 7393
What are the prime factors of 3356762477?
179, 18752863
What are the prime factors of 1117252851?
3, 11, 13, 37, 59, 1193
What are the prime factors of 2138306579?
41, 52153819
List the prime factors of 204829863.
3, 7, 2053, 4751
What are the prime factors of 18649461?
3, 1873, 3319
List the prime factors of 200207098.
2, 7, 13, 1100039
What are the prime factors of 100848641?
17, 59, 100547
What are the prime factors of 81412803?
3, 43, 70123
List the prime factors of 734897137.
13, 6521, 8669
What are the prime factors of 157504163?
6089, 25867
List the prime factors of 260692064.
2, 8146627
What are the prime factors of 45834083?
37, 1238759
List the prime factors of 1855830403.
7, 89, 109, 27329
List the prime factors of 41695169.
17, 241, 10177
What are the prime factors of 675474853?
109, 6197017
What are the prime factors of 88191286?
2, 44095643
List the prime factors of 4428741971.
83, 167, 319511
List the prime factors of 4562325.
3, 5, 751
What are the prime factors of 24527824